{"id":51,"date":"2016-02-16T17:28:10","date_gmt":"2016-02-16T16:28:10","guid":{"rendered":"http:\/\/angelblackmaster.altervista.org\/?page_id=51"},"modified":"2019-01-08T10:43:56","modified_gmt":"2019-01-08T10:43:56","slug":"ingegneria-clinica","status":"publish","type":"page","link":"https:\/\/tesiasrl.it\/?page_id=51","title":{"rendered":"Ingegneria Clinica"},"content":{"rendered":"<p style=\"text-align: justify;\">La pluriennale esperienza maturata dalla <strong>Te.si.a. Srl<\/strong>, lo staff tecnico pluridisciplinare di cui pu\u00f2 disporre e la forte connotazione di flessibilit\u00e0 organizzativa, consentono d\u00ec individuare, insieme al cliente, le soluzioni pi\u00f9 appropriate con le caratteristiche ed esigenze evidenziate, anche attraverso l&#8217;organizzazione di servizi complementari alle eventuali strutture interne gi\u00e0 operanti, senza escludere la possibilit\u00e0 di riqualificazione e reimpiego del personale interno stesso: <strong>&#8220;Outsourcing&#8221; dei servizi di gestione tecnologica.<\/strong><\/p>\n<p>Affidare alla <strong>Te.si.a. Srl<\/strong> le problematiche di gestione impiantistica e tecnologica, consentono al cliente di ridurre i propri impegni e problemi di gestione, garantendogli una maggiore concentrazione sul proprio Core Business.<\/p>\n<p>Grazie all&#8217;elevata specializzazione dei tecnici della <strong>Te.si.a. Srl<\/strong> sono possibili significative riduzioni dei costi e riduzione dei tempi di fermo delle apparecchiature con un contemporaneo innalzamento della qualit\u00e0 del servizio.<\/p>\n","protected":false},"excerpt":{"rendered":"<p>La [&hellip;]<\/p>\n","protected":false},"author":3,"featured_media":0,"parent":0,"menu_order":0,"comment_status":"closed","ping_status":"closed","template":"","meta":{"footnotes":""},"class_list":["post-51","page","type-page","status-publish","hentry"],"_links":{"self":[{"href":"https:\/\/tesiasrl.it\/index.php?rest_route=\/wp\/v2\/pages\/51","targetHints":{"allow":["GET"]}}],"collection":[{"href":"https:\/\/tesiasrl.it\/index.php?rest_route=\/wp\/v2\/pages"}],"about":[{"href":"https:\/\/tesiasrl.it\/index.php?rest_route=\/wp\/v2\/types\/page"}],"author":[{"embeddable":true,"href":"https:\/\/tesiasrl.it\/index.php?rest_route=\/wp\/v2\/users\/3"}],"replies":[{"embeddable":true,"href":"https:\/\/tesiasrl.it\/index.php?rest_route=%2Fwp%2Fv2%2Fcomments&post=51"}],"version-history":[{"count":4,"href":"https:\/\/tesiasrl.it\/index.php?rest_route=\/wp\/v2\/pages\/51\/revisions"}],"predecessor-version":[{"id":406,"href":"https:\/\/tesiasrl.it\/index.php?rest_route=\/wp\/v2\/pages\/51\/revisions\/406"}],"wp:attachment":[{"href":"https:\/\/tesiasrl.it\/index.php?rest_route=%2Fwp%2Fv2%2Fmedia&parent=51"}],"curies":[{"name":"wp","href":"https:\/\/api.w.org\/{rel}","templated":true}]}}