{"id":278,"date":"2016-04-20T13:23:48","date_gmt":"2016-04-20T13:23:48","guid":{"rendered":"http:\/\/tesiasrl.it\/?page_id=278"},"modified":"2019-01-08T10:43:56","modified_gmt":"2019-01-08T10:43:56","slug":"ma-fi-s-s-dispositivo-rilevatore-campi-magnetici-statici","status":"publish","type":"page","link":"https:\/\/tesiasrl.it\/?page_id=278","title":{"rendered":"Ma.Fi.S.S. &#8211; Dispositivo Rilevatore Campi Magnetici Statici"},"content":{"rendered":"<p style=\"text-align: center;\"><span style=\"font-size: 14pt;\"><strong>Ma.Fi.S.S. &#8211; Dispositivo Rilevatore Campi Magnetici Statici<\/strong><\/span><\/p>\n<p style=\"text-align: left;\"><span style=\"font-size: 12pt;\"><strong>INTRODUZIONE<\/strong><\/span><\/p>\n<p style=\"text-align: Justify;\"><span class=\"testo_normale\"> Il sistema MAFISS rappresenta il modo pi\u00f9 comodo ed allo stesso tempo completo ed accurato per il rilevamento giornaliero individuale dei\u00a0<a href=\"https:\/\/tesiasrl.it\/esposizione-dei-lavoratori-ai-campi-elettromagnetici\/\">campi magnetici statici<\/a>. Il MAFISS consente infatti di effettuare il monitoraggio continuo con la memorizzazione dei dati rilevati fino a 14 ore giornaliere. Il MAFISS \u00e8 quindi la soluzione ideale per tutti quei casi ove occorra tenere sotto controllo l\u2019esposizione prolungata e variabile di operatori a campi magnetici statici rilevanti, come nel caso delle <a href=\"https:\/\/tesiasrl.it\/risonanza-magnetica-nucleare\/\">Risonanze Magnetiche<\/a>. Con l\u2019impiego di tale sistema, la normativa attualmente in vigore (Circolare applicativa del Ministro della Sanit\u00e0 n. 900.2\/4.1-AG\/581 del 28\/04\/92), relativamente al controllo fisico delle persone operanti nei campi magnetici statici rilevanti, viene completamente rispettata, come pure il D.Lgs. 81\/08 al titolo VIII, relativo agli agenti fisici, capo IV, art. 208, con i valori limite di cui all&#8217;All. 36, <span style=\"background-color: #00ffff;\"><strong><em>con entrata in vigore a partire dal 01\/07\/2016<\/em><\/strong><\/span><br \/>\n<\/span><\/p>\n<p class=\"testo_normale\" style=\"text-align: left;\" align=\"left\"><strong><span class=\"testo_evidenziato\" style=\"font-size: 12pt;\">DESCRIZIONE DEL SISTEMA<\/span><\/strong><\/p>\n<p class=\"testo_normale\" style=\"text-align: justify;\" align=\"justify\">Il MAFISS \u00e8 un sistema progettato e dimensionato per l\u2019acquisizione e la gestione automatica di tutte le misure con la successiva elaborazione delle stesse in localit\u00e0 remota.<br \/>\nIl sistema comprende quattro unit\u00e0 indipendenti:<\/p>\n<ul>\n<li class=\"testo_normale\" style=\"text-align: justify;\"><span class=\"testo_grassetto\"><i><\/i>Dosimetro per campi magnetici: Magnetic Fields Dosimeter (MFD)<\/span><\/li>\n<li class=\"testo_normale\" style=\"text-align: justify;\"><span class=\"testo_grassetto\"><i><\/i>Unit\u00e0 per la carica\/scarica batterie dei dosimetri: Dosimeter Recharging Unit (DRU)<\/span><\/li>\n<li class=\"testo_normale\" style=\"text-align: justify;\"><span class=\"testo_grassetto\"><i><\/i>Unit\u00e0 computer locale: Local Computer Unit (LCU)<\/span><\/li>\n<li class=\"testo_normale\" style=\"text-align: justify;\"><span class=\"testo_grassetto\"><i><\/i>Unit\u00e0 computer remota: Remote Computer Unit (RCU)<\/span><\/li>\n<\/ul>\n<p class=\"testo_normale\" style=\"text-align: left;\" align=\"center\"><span style=\"font-size: 12pt;\"><strong>DOSIMETRO PER CAMPI MAGNETICI (MFD)<\/strong><\/span><\/p>\n<p class=\"testo_normale\" align=\"Justify\"><span class=\"testo_normale\">Il dosimetro rappresenta l\u2019unit\u00e0 fondamentale del sistema.<br \/>\nRealizzato con tecnologia avanzata ed innovativa, il dosimetro effettua la rilevazione del campo magnetico in modo isotropico, memorizzando i dati in modo continuo per circa 14 ore.<\/span><\/p>\n<p class=\"testo_normale\" align=\"justify\"><span class=\"testo_normale\">Ogni dosimetro rappresenta un\u2019unit\u00e0 individuale alla quale viene assegnato un codice software che lo rende sempre identificabile fra gli altri.<br \/>\nL&#8217;unit\u00e0 \u00e8 racchiusa in un piccolo contenitore (7 x 4 x 1 cm) munito di clips e dunque facilmente indossabile.<\/span><\/p>\n<div class=\"testo_evidenziato\" style=\"text-align: left;\" align=\"center\"><strong><span style=\"font-size: 12pt;\">UNITA\u2019 PER LA RICARICA DEI DOSIMETRI (CRU)<\/span><\/strong><\/div>\n<p class=\"testo_normale\" align=\"justify\"><span class=\"testo_normale\">Tale unit\u00e0 gestisce la carica dei dosimetri e costituisce la custodia degli stessi. L\u2019unit\u00e0 \u00e8 collegata con il computer locale tramite un cavo dedicato. La DRU effettua la carica e la scarica delle batterie dei dosimetri singolarmente. Il tempo di carica massimo \u00e8 di circa tre ore e quello di scarica di circa un\u2019ora. La DRU \u00e8 protetta contro i sovraccarichi ed ogni eventuale anomalia viene comunicata all\u2019unit\u00e0 locale e da questa all\u2019unit\u00e0 remota.<\/span><\/p>\n<p class=\"testo_normale\" style=\"text-align: left;\" align=\"center\"><span style=\"font-size: 12pt;\"><strong><span class=\"testo_grassetto\">UNITA\u2019 COMPUTER REMOTA (LCU) <\/span><\/strong><\/span><\/p>\n<p class=\"testo_normale\" align=\"Justify\">Questa unit\u00e0 permette di essere collegati al computer locale da un luogo diverso da dove si sta effettuando il monitoraggio.Il prelievo dei dati memorizzati avviene mensilmente o, su richiesta, in periodi diversi, direttamente da parte della Societ\u00e0 di gestione a mezzo modem (gi\u00e0 installato nell\u2019Unit\u00e0 Computer Locale) senza alcun intervento da parte del personale della struttura servita.A tale unit\u00e0 \u00e8 quindi affidata la gestione di tutto il sistema e la successiva elaborazione dei dati raccolti provenienti dalla LCU.I dati elaborati verranno inoltrati al cliente che potr\u00e0 utilizzarli per una reale protezione fisica dei lavoratori monitorati.<\/p>\n<p class=\"testo_normale\" style=\"text-align: left;\" align=\"center\"><span style=\"font-size: 12pt;\"><strong><span class=\"testo_grassetto\">UNITA\u2019 COMPUTER LOCALE (LCU) <\/span><\/strong><\/span><\/p>\n<p class=\"testo_normale\" align=\"justify\"><span class=\"testo_normale\">Questa unit\u00e0 raccoglie e memorizza i dati acquisiti dai dosimetri e controlla direttamente le operazioni dell\u2019Unit\u00e0 per la ricarica dei dosimetri. La LCU \u00e8 installata nelle immediate vicinanze (Risonanza Magnetica, laboratorio, etc.) della zona ove avviene il monitoraggio.<\/span><\/p>\n<p class=\"testo_normale\" style=\"text-align: left;\" align=\"center\"><span style=\"font-size: 12pt;\"><strong><span class=\"testo_grassetto\"> DESCRIZIONE DELLE OPERAZIONI <\/span><\/strong><\/span><\/p>\n<p class=\"testo_normale\" align=\"justify\">I dosimetri (MFD) vengono indossati dal personale che opera negli ambienti con presenza di rilevanti campi magnetici statici per tutto o parte dell\u2019orario di lavoro. Durante il tempo massimo (14 ore) i dosimetri memorizzano le misure effettuate. Finito il periodo di lavoro ogni dosimetro viene riposto nell\u2019unit\u00e0 prevista per la ricarica (CRU).<br \/>\nIn questa fase ogni dosimetro scarica tutti i dati memorizzati nell\u2019unit\u00e0 computer locale (LCU).<br \/>\nIl computer locale acquisisce e memorizza i dati di tutti i dosimetri. Ogni dosimetro ha un codice di identit\u00e0 per cui anche riponendolo a caso nell\u2019unit\u00e0 di custodia, il computer \u00e8 in grado di individuarlo. La LCU dispone di una notevole memoria di massa che gli consente un\u2019autonomia di registrazione dei dati anche di mesi.<br \/>\nDopo la fase di acquisizione il sistema inizia la ricarica contemporanea di tutte le batterie. La ricarica dura circa tre ore per batterie completamente scariche. Durante questa fase occorre evitare di togliere i dosimetri dalla custodia. Se le batterie non sono completamente scariche il loro tempo di ricarica \u00e8 pi\u00f9 breve e variabile. Per questo motivo sull\u2019unit\u00e0 per la ricarica sono presenti due leds per ogni dosimetro, che visualizzano lo stato di carica delle batterie.<\/p>\n","protected":false},"excerpt":{"rendered":"<p>Ma.Fi.S.S. [&hellip;]<\/p>\n","protected":false},"author":3,"featured_media":0,"parent":0,"menu_order":0,"comment_status":"closed","ping_status":"closed","template":"","meta":{"footnotes":""},"class_list":["post-278","page","type-page","status-publish","hentry"],"_links":{"self":[{"href":"https:\/\/tesiasrl.it\/index.php?rest_route=\/wp\/v2\/pages\/278","targetHints":{"allow":["GET"]}}],"collection":[{"href":"https:\/\/tesiasrl.it\/index.php?rest_route=\/wp\/v2\/pages"}],"about":[{"href":"https:\/\/tesiasrl.it\/index.php?rest_route=\/wp\/v2\/types\/page"}],"author":[{"embeddable":true,"href":"https:\/\/tesiasrl.it\/index.php?rest_route=\/wp\/v2\/users\/3"}],"replies":[{"embeddable":true,"href":"https:\/\/tesiasrl.it\/index.php?rest_route=%2Fwp%2Fv2%2Fcomments&post=278"}],"version-history":[{"count":11,"href":"https:\/\/tesiasrl.it\/index.php?rest_route=\/wp\/v2\/pages\/278\/revisions"}],"predecessor-version":[{"id":517,"href":"https:\/\/tesiasrl.it\/index.php?rest_route=\/wp\/v2\/pages\/278\/revisions\/517"}],"wp:attachment":[{"href":"https:\/\/tesiasrl.it\/index.php?rest_route=%2Fwp%2Fv2%2Fmedia&parent=278"}],"curies":[{"name":"wp","href":"https:\/\/api.w.org\/{rel}","templated":true}]}}